[INFO] cloning repository https://github.com/dittos/ningen
[INFO] running `Command { std: "git" "-c" "credential.helper=" "-c" "credential.helper=/workspace/cargo-home/bin/git-credential-null" "clone" "--bare" "https://github.com/dittos/ningen" "/workspace/cache/git-repos/https%3A%2F%2Fgithub.com%2Fdittos%2Fningen", kill_on_drop: false }`
[INFO] [stderr] Cloning into bare repository '/workspace/cache/git-repos/https%3A%2F%2Fgithub.com%2Fdittos%2Fningen'...
[INFO] running `Command { std: "git" "rev-parse" "HEAD", kill_on_drop: false }`
[INFO] [stdout] 381cf3ab4cc605ae42a8c00e3fe59be82d01ed0f
[INFO] building dittos/ningen against master#ff34b919075f35a1787659e9c448a34b06bab8de for issue-85264
[INFO] running `Command { std: "git" "clone" "/workspace/cache/git-repos/https%3A%2F%2Fgithub.com%2Fdittos%2Fningen" "/workspace/builds/worker-1/source", kill_on_drop: false }`
[INFO] [stderr] Cloning into '/workspace/builds/worker-1/source'...
[INFO] [stderr] done.
[INFO] validating manifest of git repo https://github.com/dittos/ningen on toolchain ff34b919075f35a1787659e9c448a34b06bab8de
[INFO] running `Command { std: "/workspace/cargo-home/bin/cargo" "+ff34b919075f35a1787659e9c448a34b06bab8de" "metadata" "--manifest-path" "Cargo.toml" "--no-deps", kill_on_drop: false }`
[INFO] started tweaking git repo https://github.com/dittos/ningen
[INFO] finished tweaking git repo https://github.com/dittos/ningen
[INFO] tweaked toml for git repo https://github.com/dittos/ningen written to /workspace/builds/worker-1/source/Cargo.toml
[INFO] crate git repo https://github.com/dittos/ningen already has a lockfile, it will not be regenerated
[INFO] running `Command { std: "/workspace/cargo-home/bin/cargo" "+ff34b919075f35a1787659e9c448a34b06bab8de" "fetch" "--manifest-path" "Cargo.toml", kill_on_drop: false }`
[INFO] [stderr]     Blocking waiting for file lock on package cache
[INFO] running `Command { std: "docker" "create" "-v" "/var/lib/crater-agent-workspace/builds/worker-1/target:/opt/rustwide/target:rw,Z" "-v" "/var/lib/crater-agent-workspace/builds/worker-1/source:/opt/rustwide/workdir:ro,Z" "-v" "/var/lib/crater-agent-workspace/cargo-home:/opt/rustwide/cargo-home:ro,Z" "-v" "/var/lib/crater-agent-workspace/rustup-home:/opt/rustwide/rustup-home:ro,Z" "-e" "SOURCE_DIR=/opt/rustwide/workdir" "-e" "CARGO_TARGET_DIR=/opt/rustwide/target" "-e" "CARGO_HOME=/opt/rustwide/cargo-home" "-e" "RUSTUP_HOME=/opt/rustwide/rustup-home" "-w" "/opt/rustwide/workdir" "-m" "1610612736" "--user" "0:0" "--network" "none" "ghcr.io/rust-lang/crates-build-env/linux@sha256:20528e8c29e4536546f0102ce88568b16ea7538393a33fcca951030f7af10457" "/opt/rustwide/cargo-home/bin/cargo" "+ff34b919075f35a1787659e9c448a34b06bab8de" "metadata" "--no-deps" "--format-version=1", kill_on_drop: false }`
[INFO] [stdout] 219be6540d5749fb276e4ba312770b1a1bd3c8e747f8bd12c2070bc98e05d88f
[INFO] [stderr] WARNING: Your kernel does not support swap limit capabilities or the cgroup is not mounted. Memory limited without swap.
[INFO] running `Command { std: "docker" "start" "-a" "219be6540d5749fb276e4ba312770b1a1bd3c8e747f8bd12c2070bc98e05d88f", kill_on_drop: false }`
[INFO] running `Command { std: "docker" "inspect" "219be6540d5749fb276e4ba312770b1a1bd3c8e747f8bd12c2070bc98e05d88f", kill_on_drop: false }`
[INFO] running `Command { std: "docker" "rm" "-f" "219be6540d5749fb276e4ba312770b1a1bd3c8e747f8bd12c2070bc98e05d88f", kill_on_drop: false }`
[INFO] [stdout] 219be6540d5749fb276e4ba312770b1a1bd3c8e747f8bd12c2070bc98e05d88f
[INFO] running `Command { std: "docker" "create" "-v" "/var/lib/crater-agent-workspace/builds/worker-1/target:/opt/rustwide/target:rw,Z" "-v" "/var/lib/crater-agent-workspace/builds/worker-1/source:/opt/rustwide/workdir:ro,Z" "-v" "/var/lib/crater-agent-workspace/cargo-home:/opt/rustwide/cargo-home:ro,Z" "-v" "/var/lib/crater-agent-workspace/rustup-home:/opt/rustwide/rustup-home:ro,Z" "-e" "SOURCE_DIR=/opt/rustwide/workdir" "-e" "CARGO_TARGET_DIR=/opt/rustwide/target" "-e" "CARGO_INCREMENTAL=0" "-e" "RUST_BACKTRACE=full" "-e" "RUSTFLAGS=--cap-lints=forbid" "-e" "CARGO_HOME=/opt/rustwide/cargo-home" "-e" "RUSTUP_HOME=/opt/rustwide/rustup-home" "-w" "/opt/rustwide/workdir" "-m" "1610612736" "--user" "0:0" "--network" "none" "ghcr.io/rust-lang/crates-build-env/linux@sha256:20528e8c29e4536546f0102ce88568b16ea7538393a33fcca951030f7af10457" "/opt/rustwide/cargo-home/bin/cargo" "+ff34b919075f35a1787659e9c448a34b06bab8de" "build" "--frozen" "--message-format=json", kill_on_drop: false }`
[INFO] [stdout] a72f460b9ea8ee50d66aadbf41b3c6412bf39047ab04e1a7839fcd6257216c2e
[INFO] [stderr] WARNING: Your kernel does not support swap limit capabilities or the cgroup is not mounted. Memory limited without swap.
[INFO] running `Command { std: "docker" "start" "-a" "a72f460b9ea8ee50d66aadbf41b3c6412bf39047ab04e1a7839fcd6257216c2e", kill_on_drop: false }`
[INFO] [stderr]    Compiling libc v0.2.19
[INFO] [stderr]    Compiling strsim v0.5.2
[INFO] [stderr]    Compiling rustc-serialize v0.3.22
[INFO] [stderr]    Compiling fixedbitset v0.1.5
[INFO] [stderr]    Compiling lazy_static v0.2.2
[INFO] [stderr]    Compiling bit-vec v0.4.3
[INFO] [stderr]    Compiling unicode-xid v0.0.2
[INFO] [stderr]    Compiling diff v0.1.9
[INFO] [stderr]    Compiling lalrpop-intern v0.12.4
[INFO] [stderr]    Compiling itertools v0.3.25
[INFO] [stderr]    Compiling lalrpop-util v0.12.4
[INFO] [stderr]    Compiling regex-syntax v0.2.6
[INFO] [stderr]    Compiling bitflags v0.4.0
[INFO] [stderr]    Compiling term v0.4.4
[INFO] [stderr]    Compiling petgraph v0.1.18
[INFO] [stderr]    Compiling bit-set v0.3.0
[INFO] [stderr]    Compiling memchr v0.1.11
[INFO] [stderr]    Compiling thread-id v2.0.0
[INFO] [stderr]    Compiling atty v0.1.2
[INFO] [stdout] error[E0034]: multiple applicable items in scope
[INFO] [stdout]    --> /opt/rustwide/cargo-home/registry/src/github.com-1ecc6299db9ec823/petgraph-0.1.18/src/graph.rs:404:21
[INFO] [stdout]     |
[INFO] [stdout] 404 |         assert!(Ix::max().index() == !0 || NodeIndex::end() != node_idx);
[INFO] [stdout]     |                     ^^^ multiple `max` found
[INFO] [stdout]     |
[INFO] [stdout] note: candidate #1 is defined in the trait `IndexType`
[INFO] [stdout]    --> /opt/rustwide/cargo-home/registry/src/github.com-1ecc6299db9ec823/petgraph-0.1.18/src/graph.rs:28:5
[INFO] [stdout]     |
[INFO] [stdout] 28  |     fn max() -> Self;
[INFO] [stdout]     |     ^^^^^^^^^^^^^^^^^
[INFO] [stdout] note: candidate #2 is defined in the trait `Ord`
[INFO] [stdout] help: disambiguate the associated function for candidate #1
[INFO] [stdout]     |
[INFO] [stdout] 404 |         assert!(IndexType::max().index() == !0 || NodeIndex::end() != node_idx);
[INFO] [stdout]     |                 ^^^^^^^^^^^^^^
[INFO] [stdout] help: disambiguate the associated function for candidate #2
[INFO] [stdout]     |
[INFO] [stdout] 404 |         assert!(Ord::max().index() == !0 || NodeIndex::end() != node_idx);
[INFO] [stdout]     |                 ^^^^^^^^
[INFO] [stdout] 
[INFO] [stdout] 
[INFO] [stderr]    Compiling thread_local v0.2.7
[INFO] [stderr]    Compiling aho-corasick v0.5.3
[INFO] [stdout] error[E0308]: mismatched types
[INFO] [stdout]    --> /opt/rustwide/cargo-home/registry/src/github.com-1ecc6299db9ec823/petgraph-0.1.18/src/graph.rs:404:38
[INFO] [stdout]     |
[INFO] [stdout] 352 | impl<N, E, Ty=Directed, Ix=DefIndex> Graph<N, E, Ty, Ix>
[INFO] [stdout]     |                         -- this type parameter
[INFO] [stdout] ...
[INFO] [stdout] 404 |         assert!(Ix::max().index() == !0 || NodeIndex::end() != node_idx);
[INFO] [stdout]     |                                      ^^ expected type parameter `Ix`, found integer
[INFO] [stdout]     |
[INFO] [stdout]     = note: expected type parameter `Ix`
[INFO] [stdout]                          found type `{integer}`
[INFO] [stdout] 
[INFO] [stdout] 
[INFO] [stdout] error[E0034]: multiple applicable items in scope
[INFO] [stdout]    --> /opt/rustwide/cargo-home/registry/src/github.com-1ecc6299db9ec823/petgraph-0.1.18/src/graph.rs:438:21
[INFO] [stdout]     |
[INFO] [stdout] 438 |         assert!(Ix::max().index() == !0 || EdgeIndex::end() != edge_idx);
[INFO] [stdout]     |                     ^^^ multiple `max` found
[INFO] [stdout]     |
[INFO] [stdout] note: candidate #1 is defined in the trait `IndexType`
[INFO] [stdout]    --> /opt/rustwide/cargo-home/registry/src/github.com-1ecc6299db9ec823/petgraph-0.1.18/src/graph.rs:28:5
[INFO] [stdout]     |
[INFO] [stdout] 28  |     fn max() -> Self;
[INFO] [stdout]     |     ^^^^^^^^^^^^^^^^^
[INFO] [stdout] note: candidate #2 is defined in the trait `Ord`
[INFO] [stdout] help: disambiguate the associated function for candidate #1
[INFO] [stdout]     |
[INFO] [stdout] 438 |         assert!(IndexType::max().index() == !0 || EdgeIndex::end() != edge_idx);
[INFO] [stdout]     |                 ^^^^^^^^^^^^^^
[INFO] [stdout] help: disambiguate the associated function for candidate #2
[INFO] [stdout]     |
[INFO] [stdout] 438 |         assert!(Ord::max().index() == !0 || EdgeIndex::end() != edge_idx);
[INFO] [stdout]     |                 ^^^^^^^^
[INFO] [stdout] 
[INFO] [stdout] 
[INFO] [stdout] error[E0308]: mismatched types
[INFO] [stdout]    --> /opt/rustwide/cargo-home/registry/src/github.com-1ecc6299db9ec823/petgraph-0.1.18/src/graph.rs:438:38
[INFO] [stdout]     |
[INFO] [stdout] 352 | impl<N, E, Ty=Directed, Ix=DefIndex> Graph<N, E, Ty, Ix>
[INFO] [stdout]     |                         -- this type parameter
[INFO] [stdout] ...
[INFO] [stdout] 438 |         assert!(Ix::max().index() == !0 || EdgeIndex::end() != edge_idx);
[INFO] [stdout]     |                                      ^^ expected type parameter `Ix`, found integer
[INFO] [stdout]     |
[INFO] [stdout]     = note: expected type parameter `Ix`
[INFO] [stdout]                          found type `{integer}`
[INFO] [stdout] 
[INFO] [stdout] 
[INFO] [stdout] error: aborting due to 4 previous errors
[INFO] [stdout] 
[INFO] [stdout] 
[INFO] [stdout] Some errors have detailed explanations: E0034, E0308.
[INFO] [stdout] 
[INFO] [stdout] For more information about an error, try `rustc --explain E0034`.
[INFO] [stdout] 
[INFO] [stderr] error: could not compile `petgraph`
[INFO] [stderr] 
[INFO] [stderr] To learn more, run the command again with --verbose.
[INFO] [stderr] warning: build failed, waiting for other jobs to finish...
[INFO] [stderr] error: build failed
[INFO] running `Command { std: "docker" "inspect" "a72f460b9ea8ee50d66aadbf41b3c6412bf39047ab04e1a7839fcd6257216c2e", kill_on_drop: false }`
[INFO] running `Command { std: "docker" "rm" "-f" "a72f460b9ea8ee50d66aadbf41b3c6412bf39047ab04e1a7839fcd6257216c2e", kill_on_drop: false }`
[INFO] [stdout] a72f460b9ea8ee50d66aadbf41b3c6412bf39047ab04e1a7839fcd6257216c2e
